227 = -2*o, -3*o = -b - 2. What is the tens digit of w?
4
Let m(d) = -9*d - 38. What is the units digit of m(-6)?
6
Let c(z) = 4*z. Suppose 2*i - 24 = -0*i. What is the units digit of c(i)?
8
Let g = 81 - 27. What is the units digit of g?
4
Let m(n) = n**3 - 9*n**2 - 10*n + 5. Let c be m(10). Let v(t) = -8*t + 0*t + t + c*t. What is the units digit of v(-2)?
4
Let r(c) = c**3 + 3*c**2 - 4*c - 3. Suppose -7*u = -2*u. Let y be -2 + 0 - (u + 1). What is the units digit of r(y)?
9
What is the units digit of (-1839)/(-7) + 8/28?
3
Let b = -142 - -214. What is the units digit of b?
2
What is the units digit of (-6)/(-15)*20*1?
8
What is the units digit of (-1533)/(-27) - 10/(-45)?
7
Let n(q) be the third derivative of -3*q**6/40 - q**5/60 + q**4/24 + q**3/6 - 2*q**2. What is the units digit of n(-1)?
8
Let s(z) = -25*z. Let i(b) = 4*b. Let w(a) = 39*i(a) + 6*s(a). Suppose -4*x + 6 + 6 = 0. What is the units digit of w(x)?
8
What is the tens digit of (-1 - 1) + (-4 - -48)?
4
Suppose -11*q = -16*q + 115. What is the units digit of q?
3
Let l be (2/(-6)*0)/1. Suppose 3*b + 2*d + 19 = 0, l = 8*b - 3*b - 2*d + 5. Let x = b - -7. What is the units digit of x?
4
Let v = 21 - 25. What is the units digit of 10 + (-3)/((-4)/v)?
7
Suppose -5*d = 5*f - f, d = 5*f + 29. Suppose 3*l = -i + 19, 0 = -d*i - i + 4*l. Suppose -r = -w - i, -r + 2*w + 1 + 1 = 0. What is the units digit of r?
6
Let m = -7 + 8. Let p = 3 + m. What is the units digit of p?
4
Let k(i) = 7*i**2 - 3*i - 5. Let u(d) = -6*d**2 + 4*d + 4. Let m(b) = 5*k(b) + 6*u(b). What is the tens digit of m(6)?
1
Let i(l) = l**3 - 8*l**2 - l + 7. Let b be i(8). What is the units digit of b*-2*1/2?
1
Let m be (6/9)/(1/(-6)). What is the units digit of 6/(-12) + (-50)/m?
2
Let s(c) = 17*c + 1. Suppose 4 = 4*x - 4. What is the units digit of s(x)?
5
Let a(q) = -10*q + 0*q**2 - 6 + 3 + 7 - q**2. What is the units digit of a(-8)?
0
Suppose x - 1 - 3 = -2*c, 3*x - 5*c - 1 = 0. Suppose -x*f + 10 = 3*j - 0*j, 3*j - f = 13. Suppose j = i - 4. What is the units digit of i?
8
Let r(k) = 4*k**2 - k. Let s be r(1). Suppose 0*u + u = s. Suppose -o = u*a - 17, o = 2 + 3. What is the units digit of a?
4
Suppose -716 = 7*p - 11*p. What is the hundreds digit of p?
1
Let s = 13 - 0. Let c = 21 - s. What is the units digit of c?
8
Let d(v) = v**3 - 13*v**2 - 8*v - 11. Let j be d(14). Suppose 40 = 4*p + 5*o - 73, 3*o = 4*p - j. What is the tens digit of p?
2
Let a(z) = 120*z - 17. What is the hundreds digit of a(3)?
3
Let h(f) = 3*f + 2. Let r be h(1). Let a be (-2 + 2)/(2/2). Suppose 35 = -a*d + r*d. What is the units digit of d?
7
Suppose 2*g - 7 + 1 = 0. Suppose g = -0*l + l. Suppose -2*n - f + 73 = l*n, 4*f + 8 = 0. What is the tens digit of n?
1
What is the hundreds digit of (-4)/22 - (2 - (-10770)/(-66))?
1
Let p(g) = -g**2 - 10*g - 11. Let t be p(-8). Suppose 15 = 2*x + 4*o - 7*o, 25 = 5*x + t*o. What is the units digit of x?
6
Let f(r) = r**2 + 2*r - 5. Let i be f(-4). Suppose 0 = -5*m + 4*q + 61, i*m = -5*q + q + 43. What is the units digit of m?
3
Let x = -66 + 328. What is the tens digit of x?
6
Let x(y) = 4*y - 17. Let i = 22 - 9. What is the tens digit of x(i)?
3
What is the tens digit of (70/30)/(1/12)?
2
Let r = -3 - -1. Let b = r - -2. Let t = b - -9. What is the units digit of t?
9
Let a(h) = -h**3 + h**2 + h - 4. Let r be a(0). Let p be (-2)/r + 1738/4. What is the tens digit of p/25 + 2/(-5)?
1
Let d(v) = -2 - 2*v + 4*v - 3. What is the units digit of d(5)?
5
Let g(a) = -a**3 - 5*a**2 + 6*a + 8. Let i be g(-6). Let z(m) = -m**3 + 9*m**2 - 6*m - 8. What is the units digit of z(i)?
8
Let s(v) = -4*v - 8 + 6*v - v. Let b be s(8). Suppose -g + 2*g - 4 = b. What is the units digit of g?
4
What is the hundreds digit of (-1 - 1) + -2*266/(-4)?
1
Let i(r) = r**2 + 6*r + 4. Let o be (-8)/(-5) + 4/10. Let h be 14/o*1*-1. What is the tens digit of i(h)?
1
Let p(r) = -15*r - 29. What is the units digit of p(-6)?
1
Let o(x) = -x + 30. Let m be o(23). Let r(w) = -1. Let v(y) = -y + 1. Let u(f) = 3*r(f) - v(f). What is the units digit of u(m)?
3
Let u = -12 - -16. Suppose -s - 5*p + 52 = 0, 5*s - u*p - 140 = -5*p. What is the units digit of s?
7
Let a = 5 - 5. Suppose 0 = 4*n - a*n - 24. What is the units digit of n?
6
Let c(a) = 4*a + 7 + 0 - 5*a. What is the units digit of c(0)?
7
Suppose -7*x + 3*x + 12 = 0. Suppose 5*w + 59 = 3*f, -2*f - 52 = -4*f - x*w. What is the tens digit of f?
2
What is the tens digit of (8/12)/(6/117)?
1
Suppose 2*q - 18 = 2. What is the tens digit of q?
1
Let h(y) = -y**2 - 14*y + 7. Let u be h(-15). What is the units digit of u/12 + (-58)/(-6)?
9
Suppose -4*q + 20 = -16. Let f = 8 + q. What is the units digit of f?
7
Let q be 2 - 3/(9/(-12)). Suppose 4*f - 26 = -q. What is the units digit of f?
5
Let s be 6 - (0 + 0)/3. Let i = 8 - s. What is the units digit of i?
2
Let k = -8 - -36. What is the tens digit of k?
2
Let w be 1/(-1*1/(-1)). Suppose 4*d - 12 = -0*d. Suppose x - w = d. What is the units digit of x?
4
Let p(i) = 4*i**3 - i**2 - 3*i + 3. What is the units digit of p(2)?
5
Suppose 4*o = 4*h + 36, -5*o + 8*o - 35 = 5*h. Suppose -o*n + 40 = -0*n. What is the units digit of ((-28)/6)/(n/(-12))?
7
Let y(t) = -t**3 + 7*t**2 + t - 2. Let g be y(7). Let b = -10 + g. Let s(x) = -2*x - 6. What is the units digit of s(b)?
4
What is the tens digit of (32/(-12))/(2/(-93))?
2
What is the hundreds digit of (45/10)/(5/170)?
1
Let g = 22 - -26. What is the tens digit of g?
4
Suppose s + 2*i = -2*s + 16, -5*s + i = -44. Let f be s/28 + (-4)/14. Let h = 3 - f. What is the units digit of h?
3
Suppose 0 = -2*i - 2*o - 82 + 16, -2*o + 10 = 0. Let w = -15 - i. What is the tens digit of w?
2
Let c = -2 - -2. Let o be 0/(-1 + (2 - c)). Let u(w) = w**2 + w + 8. What is the units digit of u(o)?
8
Let a(q) = -15*q + 5. What is the units digit of a(-3)?
0
Let y(c) = c**2 - 13*c - 16. What is the units digit of y(22)?
2
Let v(x) = -x**3 - 8*x**2 - 7*x + 2. Let y be v(-7). Suppose -y = -f + 2*i - i, -24 = -4*f - 4*i. What is the units digit of f?
4
Suppose 4*p + 0*p - 144 = 0. Let j = p - 15. What is the tens digit of j?
2
Let h = -10 + 12. Suppose t = h*t - 4, -t + 29 = 5*o. Suppose 3*f - 4*a = 7 - 3, o*a = -4*f + 57. What is the units digit of f?
8
Let r = -5 + 7. Suppose -y = -r*y - 3. What is the units digit of 9 + y/(-1) + -1?
1
Let a(d) = 2*d. Let x be a(2). Suppose -x*u + 9*u = 50. What is the tens digit of u?
1
Let m = -20 + 23. What is the units digit of m?
3
What is the hundreds digit of 1980/9 - 2*2 - -4?
2
What is the tens digit of ((-3)/(-2))/((-1)/(-76))?
1
Let s = -12 + 10. Let f = 7 + s. Suppose -f*p + 17 = -t, -5*t + 21 + 29 = 2*p. What is the units digit of t?
8
Let i = -14 - -18. Let a = 0 - 0. Suppose 2*j - i = -a*j. What is the units digit of j?
2
Let b = 10 + -23. Let j be 2/(-2) + -1 - b. Let s = 15 - j. What is the units digit of s?
4
Let p(o) = o + 1. Let y be p(-4). Let q be ((-3)/y)/((-2)/(-6)). What is the units digit of q/(-3) + 1*3?
2
Suppose 22 = 5*y - 28. Suppose y = -b + 6*b. What is the units digit of b?
2
Let a(s) = 14*s - 2. Let g be a(4). Let b = g - 34. Suppose -2*o = 2*o - b. What is the units digit of o?
5
Let u be (0 - -1) + (1 - -1). Let q = u + -7. What is the tens digit of (-3 + (-25)/q)*4?
1
Let z(f) = -f**3 - 7*f**2 - 8*f - 8. Let k be z(-6). What is the tens digit of (-24 + k/4)*-1?
2
Suppose 0 = 2*k - 2*m - 8, -2*m - 8 + 0 = k. Let g = k - -1. What is the units digit of -2 + (2 - -2 - g)?
1
Suppose 0 = -4*t - t - 25. Let x = 10 + 0. Let m = x + t. What is the units digit of m?
5
Let y(t) = -14*t**3 - 4*t**2 + t - 2. Let m(z) = 15*z**3 + 5*z**2 - z + 3. Let s(r) = -2*m(r) - 3*y(r). What is the tens digit of s(1)?
1
Let v(u) = -3*u**2 + u + 0 + 7*u**3 + 1 + 1 - 3. What is the units digit of v(2)?
5
Let r(l) = -l**2 + 12*l - 7. Let g be (-1)/3 + 62/6. What is the tens digit of r(g)?
1
Suppose 18 = 3*m - 30. Let b = -65 + 57. Let p = b + m. What is the units digit of p?
8
Let i(x) = -x**3 + 4*x**2 + 7*x - 5. Let r be i(5). Suppose -s = 3*m - 27, r*s - 102 = 2*m - 6*m. What is the units digit of s?
8
Suppose -5*f - 312 = -2*n, 9*n - 4*n - 759 = 2*f. What is the units digit of n?
1
Let y = 8 + -8. Suppose y*t = 5*t + 10. What is the units digit of t/(-4)*(33 + -3)?
5
Sup